3 + 5*b + 2. What are the prime factors of s(d)?
13
Suppose -4*c + 58 = 4*m - 102, 0 = -2*m - 5*c + 65. What are the prime factors of m?
3, 5
Let y(o) = o + 7. Let f be y(0). Suppose 2*z - 17 = -f. What are the prime factors of z?
5
Suppose -3*p = -p - 96. Let d = p + -8. Let h = -21 + d. List the prime factors of h.
19
Let y(d) = -d**3 - 2*d**2 - 2*d + 2. Suppose 5*f - 3*f = -4. What are the prime factors of y(f)?
2, 3
Let y(a) = a**2 + a - 1. Suppose 0 = 4*h - h + 15. Let g(l) = 4*l**2 + 11*l - 6. Let t(z) = h*y(z) + g(z). What are the prime factors of t(4)?
7
Let y = -17 + 34. Suppose -5*a - f = -3*a - y, 0 = 3*a + 5*f - 22. What are the prime factors of a?
3
Suppose 76 = 2*i - 4*u, -2*i - 3*u - 27 = -82. What are the prime factors of i?
2
Suppose 11 = 3*g - 3*b - 4, -5 = -g + 4*b. Suppose 0 = 3*u - u - 4*r - 60, 0 = u - g*r - 45. List the prime factors of (-3)/(-1)*u/6.
2, 5
Suppose 3*n = -4*p + 1, n + 4*n + 25 = 0. Let t be (1 - 0) + 4/((-4)/(-3)). Suppose 6*z - p*z - t = 0. What are the prime factors of z?
2
Suppose 3*z + 5*x = 22, 0*z + 5*x = 2*z + 2. Let s be 2/((z - 3)/1). Suppose -2*a = -2*d - 24, -s*d = 4*a - 0*d - 36. What are the prime factors of a?
2, 5
Let h(v) be the second derivative of v**3/6 - v**2/2 - v. Let s(q) = -1. Let n(f) = -h(f) - s(f). List the prime factors of n(-3).
5
Let w = 4 + -6. Let f be (2 + 4/(-6))*6. What are the prime factors of f - (-2 + 0) - w?
2, 3
Let g(h) = 29*h - 33. What are the prime factors of g(9)?
2, 3, 19
Suppose -5*d + 612 + 583 = 0. List the prime factors of d.
239
Let a = 84 + -28. What are the prime factors of a?
2, 7
Let j = -102 + 111. What are the prime factors of j?
3
Let i be -2 - -2*(-11)/(-2). Let d = 13 - i. Suppose -z = -1 - d. What are the prime factors of z?
5
Suppose 0 = 4*l + 5*b - 4 - 217, 5*l - 4*b = 225. What are the prime factors of l?
7
Let o(b) = 6*b**2 + 4*b + 2. List the prime factors of o(-3).
2, 11
Let i(p) = -p**3 + 12*p**2 + 4*p - 14. What are the prime factors of i(12)?
2, 17
Let h = 25 + -5. List the prime factors of h.
2, 5
Let g(m) = 2*m**2 - 40*m - 20. What are the prime factors of g(24)?
2, 43
Suppose 5*l + 2 + 83 = 2*p, -2*l - 34 = -3*p. Suppose -2*c = 3*c + 125. Let h = l - c. List the prime factors of h.
2
Suppose 30 = -3*p - 2*p. Let s = p + 15. Suppose t - 4*i - s = 3, -3*t - 5*i = -36. What are the prime factors of t?
2, 3
Let n be (-2 - -1 - -4)/1. Suppose -3*z - 2*j = -19, n*z + j - 29 = -9. List the prime factors of z.
7
Suppose -4*l = 5*n + 2 - 38, 4*l - 28 = -3*n. Suppose l*b - 23 = 25. List the prime factors of b.
2, 3
Suppose -5*x - 5*i - 5 = -20, -2*x + 2*i - 6 = 0. Suppose 3*w - 32 = -2*w + 3*c, 4*c + 16 = x. Suppose w*b = 6 + 18. List the prime factors of b.
2, 3
Let q(p) = 2*p**2 + 21*p + 23. Let x(y) = -y**2 - 10*y - 11. Let a(b) = -2*q(b) - 5*x(b). Let s be 2 - 3 - (-6)/(-1). What are the prime factors of a(s)?
2
Let z(y) = -2*y - 4. Let w be z(-4). Suppose -5*x + 4*q + 223 = q, -4*q - w = 0. List the prime factors of x.
2, 11
List the prime factors of -1 - (0 - (-16)/(-4)).
3
Let u be 6/(-8) + (-345)/(-12). Let v be 104/u - (-4)/14. Suppose -3*o - 11 = -v*o. List the prime factors of o.
11
Suppose 3*t - 139 = -2*s, -s - 3*t = -0*s - 74. What are the prime factors of s?
5, 13
Let q(i) = -2*i**2 - 3*i + 2. Let g be q(-5). Let p = -16 - g. What are the prime factors of p?
17
Let z(w) = -w**3 + 6*w**2 + 3*w - 1. Let h be z(6). Suppose 2*g = -3 + h. List the prime factors of g.
7
Let r(j) = 30*j - 4. Let d(n) = 20*n - 3. Let w(z) = 7*d(z) - 5*r(z). What are the prime factors of w(-2)?
19
Let k = 18 - 13. Let m be -9*1/(-5)*k. Let s = m - 6. List the prime factors of s.
3
Let b(m) = -m**2 - 2. Let p be 1 - (2 - 3/(-3)). Let c be b(p). List the prime factors of (c + 9)*(-1 - -2).
3
Let c = -5 + 17. What are the prime factors of c?
2, 3
Let u = -29 + 42. What are the prime factors of u?
13
Suppose -i + 34 = -6*i + 4*y, -5*i + y - 31 = 0. What are the prime factors of ((-8)/10)/(i/105)?
2, 7
Suppose 16 = 2*q + 4*z, -3*z - 2*z = 2*q - 19. Suppose 0 = -5*f - 2*l - q*l - 16, 8 = -5*f - 2*l. Let d = 10 - f. List the prime factors of d.
2, 5
Let n(r) = -r**2 - 9*r + 5. Let b be n(-6). Suppose -m - 5*s = -36 + 13, -3*m + 129 = -5*s. Let h = m - b. List the prime factors of h.
3, 5
Suppose 0 = 8*m + 45 - 701. List the prime factors of m.
2, 41
Let c(z) = 2*z**2 + z + 2. Let m be (-1 + (-2 - -4))*-2. What are the prime factors of c(m)?
2
Suppose 3*x - 14 = 2*x - 4*w, -2*x - 3*w = -8. Let c = x - -20. List the prime factors of c.
2, 3
Let u be 8/28 + 246/21. List the prime factors of u/8 + 70/4.
19
Suppose l - 11 = -5*p - 0*l, 0 = 3*p + 5*l - 11. Suppose p + 1 = f. List the prime factors of f.
3
Let u be 40/3 + 2/(-6). Let b be (1 + u)/((-2)/(-1)). Let d = 12 - b. What are the prime factors of d?
5
Let j = 18 + 20. Let w be -9*-2*(-2)/(-12). Suppose q = w*q - j. What are the prime factors of q?
19
Suppose -480 = j - 4*j. List the prime factors of j.
2, 5
Suppose -3*x + 32 = 4*d, 2*x + 23 = 5*d + 6. Let f(a) = 3*a**2 - 6*a - 4. Let c be f(6). Suppose 13 - c = -d*t. List the prime factors of t.
11
Suppose k = 2*k + 3. What are the prime factors of (30/(-21))/(k/21)?
2, 5
Suppose -2*t - 52 = -4*t. List the prime factors of t.
2, 13
Let p(s) = 7*s - 7. Let z be p(9). Suppose 5*k - z = 14. Suppose 3*t - k = t. What are the prime factors of t?
7
Suppose 53 = 3*k - 2*j, 0 = 6*k - 2*k - 2*j - 72. List the prime factors of k.
19
Let i = 12 + -9. Suppose i*t = 5*b + 3, 3 = 5*t - 2*t. Suppose 3*q - 2*n - 13 = 0, -5*n + b = -20. List the prime factors of q.
7
Let z = -22 - -36. Let x = z - 23. Let g = x + 21. List the prime factors of g.
2, 3
Let a(r) be the second derivative of 0*r**2 - 1/3*r**3 + 0 - 3*r. List the prime factors of a(-6).
2, 3
Suppose -2*g - 79 = -4*o - g, 0 = -2*o + g + 39. Let j = 0 + o. Suppose 8 = -n - d + j, -3*n + 3*d + 24 = 0. List the prime factors of n.
2, 5
Suppose -i = -4*d - 0*d + 536, 2*d = -5*i + 290. Suppose y - 6*y = -d. What are the prime factors of y?
3
Suppose 4*m = -1 - 3. Let c(d) = 33*d**2 - 3*d - 2. List the prime factors of c(m).
2, 17
Let p = -56 - -115. What are the prime factors of p?
59
Suppose 0 = 3*l + 12, -3*j + l = -7*j + 84. List the prime factors of j.
2, 11
What are the prime factors of -8 + 7 + (2 - -27)?
2, 7
Let t = 135 - 133. List the prime factors of t.
2
Let f(h) = -2*h + 9. What are the prime factors of f(-16)?
41
Let j be (-2)/6 + (-39)/(-9). What are the prime factors of (-6*(j + -1))/(-2)?
3
Let p(t) = -t**3 + 13. Suppose m = 3*m. Let k be p(m). Let r = k - 8. What are the prime factors of r?
5
What are the prime factors of 4/(-18) - 10/(-45) - -55?
5, 11
What are the prime factors of ((-14)/5)/(2/(-60))?
2, 3, 7
Suppose -124 = -43*w + 41*w. List the prime factors of w.
2, 31
Let y(w) = 181*w**2 + 2*w - 2. List the prime factors of y(1).
181
Suppose 3*c - 2*c = 4. Let l(m) = 16*m - 3. Let u be l(3). Suppose -u = -c*z + 3. List the prime factors of z.
2, 3
What are the prime factors of -1*3*(-10)/6?
5
Let i(u) = -u**2 + 14*u - 4. Let p be i(8). Suppose 4*g + 4*b - p = 0, g - 3*b = -0*g + 19. List the prime factors of g.
13
Let b(r) = -29*r**3 - r**2 - 2*r - 1. What are the prime factors of b(-1)?
29
Suppose 5*m + 15 = -10. Let f = 14 - m. What are the prime factors of f?
19
Let t(c) = -12*c + 3. Let r(o) = 2*o + 9. Let z be r(-6). Let a be t(z). Suppose 0 = -3*m - 2*i + a, -4*m = -0*m - 3*i - 35. List the prime factors of m.
11
Let u(l) = 18*l**2 - 6*l + 6. List the prime factors of u(2).
2, 3, 11
Let g = -4 - -6. Suppose -g*s + 0*s = -10, -4*k + 2*s = 134. Let o = -14 - k. List the prime factors of o.
17
Let f(o) = 30*o**2 - 7*o + 8. What are the prime factors of f(2)?
2, 3, 19
Let k = -1 - -4. Suppose k*u + u - 52 = 0. List the prime factors of u.
13
Let h(a) = -a**3 + 1. Let o(k) = -28*k**3 - 2*k**2 + 7. Let q(b) = 6*h(b) - o(b). List the prime factors of q(1).
23
Suppose q + 3 = 20. Suppose 0 = j - 2*j + q. What are the prime factors of j?
17
Suppose 4*g + g = 0. Suppose -28 = -4*a - 20. Suppose -a = -i - g. What are the prime factors of i?
2
Suppose 0 = -2*k - 2*i + 36, -2*k - 2*i = 2*i - 34. Let j be (1 + 1 - k)/(-1). Suppose -j = -0*n - 3*n - y, 5*y = 2*n - 17. What are the prime factors of n?
2,